est common factor of 2240 and 1440.
160
What is the greatest common factor of 17 and 3587?
17
What is the greatest common factor of 1092 and 156?
156
Calculate the greatest common divisor of 190 and 665.
95
What is the highest common factor of 42851 and 73?
73
What is the greatest common factor of 580 and 232?
116
What is the greatest common factor of 12 and 1860?
12
What is the greatest common factor of 58 and 2755?
29
What is the highest common divisor of 18 and 28080?
18
What is the greatest common divisor of 2212 and 42?
14
Calculate the greatest common divisor of 405 and 2349.
81
Calculate the greatest common factor of 973 and 7.
7
What is the highest common factor of 36 and 6498?
18
What is the highest common divisor of 84 and 276?
12
Calculate the greatest common divisor of 240 and 45.
15
Calculate the highest common divisor of 22 and 242.
22
What is the greatest common divisor of 10411 and 58?
29
What is the highest common divisor of 447 and 35313?
447
Calculate the greatest common divisor of 13 and 39.
13
What is the greatest common factor of 220 and 60?
20
Calculate the greatest common factor of 7533 and 310.
31
What is the greatest common factor of 30 and 135?
15
Calculate the greatest common divisor of 40 and 32780.
20
Calculate the highest common divisor of 2387 and 1085.
217
Calculate the highest common factor of 79 and 2054.
79
What is the greatest common factor of 24 and 1542?
6
Calculate the highest common divisor of 40 and 256.
8
Calculate the highest common factor of 365 and 5.
5
Calculate the highest common divisor of 100 and 675.
25
What is the highest common divisor of 2996 and 84?
28
Calculate the highest common factor of 2040 and 750.
30
What is the greatest common factor of 4887 and 54?
27
What is the greatest common factor of 403 and 13?
13
Calculate the highest common factor of 871 and 65.
13
What is the highest common divisor of 305 and 61?
61
Calculate the greatest common factor of 60 and 20820.
60
What is the greatest common divisor of 1183 and 611?
13
Calculate the highest common divisor of 91 and 117.
13
Calculate the highest common divisor of 455 and 325.
65
What is the greatest common divisor of 160 and 416?
32
Calculate the highest common factor of 26 and 26.
26
Calculate the highest common factor of 200 and 8.
8
Calculate the greatest common divisor of 27 and 12501.
27
What is the highest common divisor of 5 and 39?
1
Calculate the greatest common factor of 6 and 9411.
3
Calculate the highest common factor of 2065 and 10.
5
What is the greatest common factor of 4267 and 17?
17
What is the highest common divisor of 20 and 8?
4
Calculate the highest common factor of 159 and 795.
159
Calculate the greatest common factor of 107 and 4922.
107
Calculate the highest common factor of 171 and 627.
57
Calculate the greatest common divisor of 1064 and 133.
133
What is the highest common divisor of 1155 and 105?
105
Calculate the highest common divisor of 35 and 40.
5
Calculate the greatest common divisor of 2072 and 56.
56
What is the highest common factor of 2538 and 94?
94
What is the highest common factor of 32215 and 17?
17
What is the highest common factor of 119 and 68?
17
Calculate the greatest common divisor of 264 and 1980.
132
What is the greatest common divisor of 9 and 3384?
9
Calculate the greatest common divisor of 1387 and 76.
19
Calculate the highest common divisor of 36 and 2286.
18
Calculate the greatest common divisor of 2091 and 459.
51
Calculate the greatest common divisor of 384 and 3504.
48
What is the greatest common factor of 38 and 1007?
19
Calculate the highest common divisor of 70 and 2485.
35
Calculate the greatest common factor of 6 and 15.
3
What is the greatest common divisor of 236 and 12?
4
What is the highest common factor of 61581 and 39?
39
What is the highest common divisor of 253 and 138?
23
What is the greatest common divisor of 2 and 151?
1
Calculate the greatest common divisor of 6 and 186.
6
What is the highest common factor of 704 and 1320?
88
Calculate the greatest common divisor of 1880 and 1551.
47
Calculate the greatest common divisor of 318 and 848.
106
Calculate the greatest common divisor of 825 and 132.
33
What is the highest common divisor of 105 and 1920?
15
What is the greatest common divisor of 18 and 1233?
9
What is the greatest common divisor of 55920 and 240?
240
Calculate the highest common factor of 183 and 854.
61
What is the greatest common factor of 52 and 676?
52
Calculate the greatest common factor of 90 and 2280.
30
What is the highest common divisor of 4 and 500?
4
Calculate the highest common divisor of 13 and 8255.
13
What is the highest common divisor of 24 and 1000?
8
What is the greatest common divisor of 27 and 2403?
27
What is the greatest common divisor of 249 and 332?
83
Calculate the greatest common divisor of 890 and 1424.
178
What is the greatest common divisor of 1387 and 95?
19
What is the highest common factor of 10 and 99970?
10
What is the greatest common divisor of 154 and 294?
14
Calculate the greatest common factor of 21 and 1603.
7
What is the highest common divisor of 60024 and 8?
8
Calculate the highest common divisor of 104 and 28.
4
What is the highest common divisor of 28 and 532?
28
What is the highest common factor of 184 and 9062?
46
What is the greatest common factor of 26 and 1248?
26
Calculate the highest common divisor of 168 and 616.
56
What is the highest common divisor of 94 and 799?
47
What is the highest common factor of 32 and 4744?
8
What is the highest common factor of 5066 and 34?
34
What is the greatest common factor of 3 and 61?
1
What is the highest common divisor of 42 and 798?
42
Calculate the highest common divisor of 64 and 1936.
16
What is the highest common divisor of 226 and 36725?
113
Calculate the greatest common factor of 17 and 25313.
17
What is the greatest common divisor of 9234 and 81?
81
Calculate the highest common divisor of 33 and 24.
3
Calculate the greatest common factor of 16 and 3144.
8
What is the highest common divisor of 216 and 366?
6
What is the greatest common divisor of 5831 and 17?
17
Calculate the greatest common divisor of 1590 and 120.
30
Calculate the greatest common factor of 200 and 250.
50
Calculate the highest common divisor of 116 and 20068.
116
What is the highest common factor of 1003 and 59?
59
What is the highest common divisor of 16285 and 5?
5
What is the highest common factor of 128 and 272?
16
Calculate the highest common factor of 4082 and 26.
26
Calculate the highest common factor of 2136 and 444.
12
Calculate the highest common divisor of 232 and 29.
29
What is the greatest common factor of 138 and 184?
46
What is the highest common factor of 264 and 1551?
33
Calculate the greatest common divisor of 16 and 2704.
16
Calculate the highest common factor of 488 and 9638.
122
Calculate the greatest common divisor of 3501 and 9.
9
What is the highest common factor of 69 and 1357?
23
What is the highest common factor of 710 and 2698?
142
Calculate the highest common divisor of 169 and 26.
13
Calculate the highest common factor of 1960 and 50.
10
Calculate the greatest common factor of 13 and 13.
13
What is the highest common divisor of 12940 and 20?
20
What is the highest common factor of 45 and 5121?
9
Calculate the highest common divisor of 26389 and 11.
11
What is the highest common factor of 3397 and 79?
79
Calculate the greatest common factor of 1160 and 80.
40
What is the highest common factor of 188 and 24910?
94
Calculate the highest common factor of 55 and 1375.
55
What is the greatest common factor of 11 and 231?
11
Calculate the greatest common divisor of 66 and 18.
6
Calculate the greatest common divisor of 407 and 333.
37
Calculate the greatest common divisor of 410 and 246.
82
Calculate the highest common factor of 33 and 9.
3
What is the greatest common divisor of 989 and 86?
43
What is the greatest common divisor of 40 and 224?
8
Calculate the greatest common factor of 19 and 6593.
19
Calculate the highest common divisor of 5875 and 235.
235
What is the highest common divisor of 185 and 1961?
37
What is the highest common factor of 39 and 18?
3
What is the highest common divisor of 17896 and 8?
8
What is the highest common divisor of 1 and 46?
1